ainder when 55 is divided by 5/(-15) - 85/(-3)?
27
Let d(b) = b**2 + 2*b + 4. What is the remainder when 73 is divided by d(3)?
16
Suppose -2*z + 4 = -s + z, 0 = 4*s + 2*z - 12. Suppose 0 = -t - 2 + 5, s*r - 5 = 5*t. Suppose -u = -r + 4. Calculate the remainder when 22 is divided by u.
4
Let a be (-18)/24 - (-15)/4. Suppose -5 = -a*x - 4*z, 4*x + z - 19 = 5. What is the remainder when 20 is divided by x?
6
Let y be (-1632)/(-30) - 2/5. Suppose 8 = -2*l, l + y = -c + 6*c. What is the remainder when ((-3)/(-2))/(6/112) is divided by c?
8
Suppose -2*w = -3*w - 1. Suppose 18 = y + 4. Calculate the remainder when y is divided by 2 - (-5 - (-1)/w).
6
Let j be -1*(-1 - -2) + 1. Suppose 5*g = 5*i - 16 - 124, j = 2*g + 4. Calculate the remainder when i is divided by 14.
12
Let g = 5 + -5. Suppose 5*p - 4*y - 60 = 0, g*p - 2*y = -5*p + 70. Calculate the remainder when 2 + -3 + (p - -3) is divided by 7.
4
Let m = 3 - 6. Let i be (m - -2)*2 + 7. Suppose 0 = 4*v + i*f - 28, -4*v - 21 = -2*f - 77. What is the remainder when v is divided by 7?
5
Suppose 4*f - 58 = 3*w, 0 = -f + 2*w + 11 + 1. What is the remainder when 61 is divided by f?
13
Suppose -4*r = -2*y, 4*r - 5*r + 2*y = -3. Let k = r - -4. What is the remainder when 7 is divided by k?
1
Suppose -96*c = -101*c + 85. What is the remainder when 67 is divided by c?
16
Let a(l) = 5*l**2 - 2 - 2*l**2 - l**2 - 6*l + l**3 + l**2. Let u be a(-4). Suppose -4 + u = f. Calculate the remainder when f is divided by 1.
0
Let o = 19 - -23. Let b = 84 - o. Calculate the remainder when b is divided by 11.
9
Suppose 19*f - 21*f + 70 = 0. What is the remainder when 139 is divided by f?
34
Suppose 0 = 3*k - 0*k - 60. Let f(j) = 3*j**2 + 4*j. Calculate the remainder when f(3) is divided by k.
19
What is the remainder when 25 is divided by 135/20 - 4 - 1/(-4)?
1
Suppose h = -4*r + 89, -4*h + 2*h = 5*r - 115. What is the remainder when r is divided by 8?
5
Suppose 228 = 4*x - 0*x. Suppose -25 = 4*p - x. What is the remainder when 4/(-18) - 418/(-18) is divided by p?
7
Suppose 17 = h - 2*m, 12 + 37 = 3*h - 5*m. Suppose 0 = 3*x - 11 - h. Calculate the remainder when 29 is divided by x.
5
Calculate the remainder when (161/4 - 2/8) + 3 is divided by 16.
11
Let k be 9/(-2)*(-108)/3. Suppose 5*u - 4*v - k = 0, 0 = -3*u - v + 5*v + 94. What is the remainder when u is divided by 18?
16
Suppose 5*q = 12 + 33. What is the remainder when 24 is divided by q?
6
Suppose 0 = 3*m - 5 - 10. Suppose -2*z = 3 - 11. Calculate the remainder when m is divided by z.
1
What is the remainder when 102 is divided by 22/6 + (-8)/12 - -49?
50
Let a = -39 - -57. Suppose -5*p = -2*p. Suppose -2*o + 63 + 7 = p. What is the remainder when o is divided by a?
17
Let p(v) = -5*v - 39. Calculate the remainder when p(-16) is divided by 15.
11
Suppose -7*m + 2*m - 20 = -2*k, 5*k = -4*m + 17. Suppose -4*j - d + 28 = 2*d, j - k*d + 16 = 0. What is the remainder when j is divided by 3?
1
Suppose 0 = j + 4*j - 295. What is the remainder when j is divided by 21?
17
Let o be 27 - (2 - (2 + 1)). Let b = 12 + o. Calculate the remainder when b is divided by 21.
19
Let l = 61 - 56. Calculate the remainder when -19*(-1*1 - 0) is divided by l.
4
Suppose -13 = -3*h + r, 2*h + 3*r - 3 = -9. Let i = 2 - 2. Suppose 4*k - 4*u - 32 = i, 0*k - u = k - 6. Calculate the remainder when k is divided by h.
1
Suppose 9*l - 35 - 46 = 0. Calculate the remainder when l is divided by 2.
1
Suppose 2*f - 4*f - y = -71, 3*f - y - 119 = 0. Calculate the remainder when f is divided by 13.
12
Let h(z) = z - 5. Let x be h(0). Let n = x - -5. Suppose -26 = -o + 5*u, o + n*u - 26 = -3*u. What is the remainder when o is divided by 14?
12
Let w(v) = 3*v**2 + 3*v - 3. Let s be w(-4). Suppose 2*r + 4*x = 5*x + s, 4*r - x - 67 = 0. What is the remainder when 50 is divided by r?
16
Let l(t) = t + 12. Let y be l(-9). Suppose y*b = -5*s + 514, -4*b + 57 + 56 = s. Calculate the remainder when s is divided by 26.
23
Suppose -z - 36 = -3*z. What is the remainder when 69 is divided by z?
15
Let y(z) be the second derivative of -z**4/12 + 2*z**3/3 - 2*z. What is the remainder when y(3) is divided by 2?
1
Let a = -21 - -5. Let m = 52 + -19. Let i = m + a. Calculate the remainder when i is divided by 10.
7
Let q = 8 + -5. Suppose -q*a + a = -34. What is the remainder when a is divided by 6?
5
Let o = -4 + 8. Suppose h - 21 - 13 = -f, o*f = 5*h + 163. Suppose 4*b + 6*w = w + 32, 0 = 5*b + w - 61. Calculate the remainder when f is divided by b.
11
Let h(w) = 2*w**2 + 8*w + 5. Let t = -89 + 48. Let p = 70 + t. Calculate the remainder when p is divided by h(-5).
14
Suppose -4*x - i = -134, -3*x = -4*x + 5*i + 44. Let w(m) = -4 + 4*m**3 - 3*m**3 - m + 5*m + 6*m**2. What is the remainder when x is divided by w(-4)?
10
Suppose -8*c + 4*c + p + 46 = 0, -4*c - 5*p + 34 = 0. What is the remainder when 41 is divided by c?
8
Let b = 14 - 10. Suppose 185 = m + b*m + 5*g, 4*m = 3*g + 148. What is the remainder when m is divided by 13?
11
Suppose 0*f = 3*f - 63. Let q = 4 + 2. Let a(h) = -h**2 + 6*h + 8. Calculate the remainder when f is divided by a(q).
5
Let i(j) = -51*j**3 + j**2. Let g(y) = 11*y - 1. Let f be g(17). Calculate the remainder when i(-1) is divided by (-33)/55 + f/10.
16
Calculate the remainder when 62 is divided by 40/15*((-3)/(-1) - 0).
6
Suppose -3*z + 39 = -3. Calculate the remainder when z is divided by 8.
6
Let l = -29 - -38. Calculate the remainder when 42 is divided by l.
6
Let k(o) = 7*o + 24. What is the remainder when k(9) is divided by 24?
15
Let l be (30/4)/(2/20). Let d be (-1)/3*l/(-5). Let o(g) = g**2 - 4*g - 3. What is the remainder when 3 is divided by o(d)?
1
Let g = 24 + -9. Suppose -u = -22 - 20. Calculate the remainder when u is divided by g.
12
Let r(o) be the second derivative of o**3/3 - 7*o**2/2 - 2*o. Let i = 45 - 25. Calculate the remainder when i is divided by r(7).
6
Suppose 2*p = -p - 2*m + 7, 5*m = -2*p + 23. Let z = p - -3. Suppose 0 = -5*n + 4*c - 2, -10 = n - 3*c - 3. Calculate the remainder when z is divided by n.
0
Let w(a) = a**2 - 4*a - 8. Let v = -17 - -35. Suppose n + 3*x = 6, 2*n - 5*n = 4*x - v. Calculate the remainder when w(n) is divided by 3.
1
Let l(v) = -v**2 - 7*v - 3. Let s be l(-6). Let b(n) = -n**2 + n**s + 0*n**2 + 3*n**2. Calculate the remainder when b(3) is divided by 12.
9
Suppose c - 6 = -2*l + 3, 0 = l - 4*c. Suppose -96 = -5*u - 4*p, -u + 5*p + 60 = l*u. Calculate the remainder when (2 + -5)*(-92)/6 is divided by u.
14
Suppose 2*q - 2 - 8 = 0. Suppose 2*o = 4*v - 94, 68 = q*v - 2*v - o. Suppose -2*u + 18 - 2 = 0. Calculate the remainder when v is divided by u.
5
Let u(w) = -w**3 + 8*w**2 + 11*w - 10. Calculate the remainder when 20 is divided by u(9).
4
Suppose 2*c = -3*c + 160. Let y = c + -15. Calculate the remainder when y is divided by 6.
5
Suppose 0*b + 2*b - 72 = 0. Suppose -2*m + k + 36 = 0, -4*m + k + 34 = -b. Calculate the remainder when (12/8)/(-2 + 131/64) is divided by m.
15
Suppose 4*y - 150 = 130. What is the remainder when y is divided by 4?
2
Suppose -53 = -6*a + 7. What is the remainder when 35 is divided by a?
5
Let y = -42 - -46. Let k(i) = -i**2 - i + 9. Suppose -2*b = 2*b. Calculate the remainder when k(b) is divided by y.
1
Suppose -24*d + 28 = -22*d. Calculate the remainder when 39 is divided by d.
11
Let g(s) = 14*s**2 - s + 1. Suppose -12 + 2 = -2*d. Suppose -2 = 3*a - d*a. Calculate the remainder when g(a) is divided by 5.
4
What is the remainder when 7 is divided by 50/12 - 4/24?
3
Let s(k) = 3*k**2 - 18*k - 10. Calculate the remainder when 18 is divided by s(7).
7
Let v(i) = 2*i**2 - 2*i - 5. Suppose 0 = -4*s - u + 72, 54 = 3*s + 3*u - 7*u. Calculate the remainder when v(-4) is divided by s.
17
Let n(b) = 82 - 2*b**2 - b**3 + 3*b**2 - 26. Calculate the remainder when n(0) is divided by ((-152)/(-4))/(-1 + 3).
18
Let b = -24 + 38. What is the remainder when 41 is divided by b?
13
Suppose 14*d - 11*d = 21. What is the remainder when 27 is divided by d?
6
Let t = -188 + 191. Let i = 3 - 0. Suppose 0 = c - i. What is the remainder when c is divided by t?
0
Let c(m) = -m**2 + 7*m - 1. Suppose -2*j - 12*s = -17*s - 48, 3*j = s + 72. What is the remainder when j is divided by c(5)?
6
Suppose 5*m = -b + 31, m + 2*m - 39 = -4*b. 